+ (-2)/(-8). Suppose -4 + y = j. What is the remainder when 50 is divided by j?
11
Let l(k) = -32*k - 270. What is the remainder when l(-12) is divided by 13?
10
Let a = 49 + -35. Let o be (11/(-3))/(2/(-48)). Let x = o + -48. What is the remainder when x is divided by a?
12
Suppose -l = -4*i - 0*i - 6, 2*l = i + 40. Let b(f) = 4*f**2 - 6*f + 14. Calculate the remainder when b(5) is divided by l.
18
Let k(f) = f**3 - 8*f**2 - 6*f - 12. Suppose 3*h - 2*u - 37 = 0, 5*h + 6 = 4*h - 3*u. Calculate the remainder when k(h) is divided by 7.
1
Suppose o + 2*n - 20 = 0, 0 = -7*o + 9*o - 4*n. Let w = 32 + -15. Calculate the remainder when w is divided by o.
7
Calculate the remainder when 85/(-7)*1197/(-171) is divided by 72.
13
Let n be (-15)/10*(-128)/(-6). Calculate the remainder when 105 is divided by (72/(-32))/(2/n).
33
Suppose s - 18 = 2*j, 0*s - 3*s + 74 = -j. What is the remainder when -1*1*(-4 + -151) is divided by s?
25
Let r(w) = -w**3 - w**2 + w + 6. Let k be r(0). Suppose 4*x = -3*t + 2*t, 0 = -t - 2*x + k. What is the remainder when 45 is divided by t?
9
Suppose 2*f - 780 = 3*i, -5*f - 2*i + 1932 = -5*i. What is the remainder when 387 is divided by f?
3
Calculate the remainder when -3*(2 - 19/3) is divided by (-35)/(-8) - 4/((-96)/(-9)).
1
Let d(u) = -2*u - 2. Let b be d(-3). Let j(s) = -4*s + s - b*s - 12*s. Calculate the remainder when j(-1) is divided by 11.
8
Let g = -133 - -326. What is the remainder when g is divided by 66?
61
Calculate the remainder when 66 is divided by 25/125 + 368/10.
29
Let w = -42 - -78. Let b(r) = 12*r**2 - 1. What is the remainder when w is divided by b(-1)?
3
Let q = -10 - -10. Suppose 10*a - 5*a - 20 = q. Suppose -a*s = -6*g + g + 55, -5*g - 2*s = -55. Calculate the remainder when 43 is divided by g.
10
Suppose 30 = -2*o + 7*o. Suppose 5*b = 10, 3*b = -v + 5*b - 2. Suppose -2*m - 1 - 3 = 0, -v*m - 34 = -2*p. Calculate the remainder when p is divided by o.
3
Suppose 5*h + 2*g - 1 = 70, 0 = h + g - 16. Suppose -29 = -5*x + 16. Calculate the remainder when h is divided by x.
4
What is the remainder when 73 is divided by 9 - (-5 + 8/8)?
8
Let v(f) = 21*f**2 + 3*f + 3. Suppose 0 = 4*h + 5 - 17. Suppose -a - 8 = -h*r, -a + 2*r = 4*a + 14. What is the remainder when v(a) is divided by 21?
18
Let r = -727 - -944. Calculate the remainder when r is divided by 66.
19
Let u(i) = i**3 + 8*i**2 + 7*i. Suppose 6 = -2*h, -11 = 3*r - h + 4. Let t be u(r). Suppose 0 = 27*a - t*a + 9. What is the remainder when 14 is divided by a?
2
Suppose 0 = 4*a - 2*w - 22, a = 4*a + 5*w + 16. Suppose a*o - 77 = 202. What is the remainder when o is divided by 19?
17
Calculate the remainder when 204 is divided by (142/12)/(-3*1/(-18)).
62
Let z = -316 - -339. Calculate the remainder when z is divided by 18.
5
Let r(w) = 8*w - 35. What is the remainder when 19 is divided by r(5)?
4
Suppose 5*a = -4*y + 341, -3*a + 135 = 2*y - 68. What is the remainder when 199 is divided by a?
4
Suppose -28*i = -3*r - 26*i + 38, 5*i = -5*r + 55. What is the remainder when 369 is divided by r?
9
Suppose -2*s - 2*i + 18 = 0, -2*i - 1 = 7. Calculate the remainder when 26 is divided by s.
0
Let v = -1795 + 1814. Calculate the remainder when 425 is divided by v.
7
Let g(i) = 2*i - 4. Let d be g(5). Suppose 0 = 2*u - 46 - d. Calculate the remainder when u is divided by 14.
12
Suppose -5*g = 3*r - 109, -r - 4*g = -2*r + 25. What is the remainder when 525 is divided by r?
30
Calculate the remainder when 454/(-4)*(-86)/43 is divided by 77.
73
Let o(u) = -u**2 + 10*u - 5. Let f(l) = l**3 + 4*l**2 + l + 3. Let a be f(-3). Let t be o(a). Calculate the remainder when 33/(-22) + 58/t is divided by 7.
6
Suppose -s = 5*l - 10*l - 48, 5*s - 4*l = 156. What is the remainder when 529 is divided by s?
25
Let y(a) = -2*a**2 + 29*a - 8. What is the remainder when y(7) is divided by 66?
31
Let l = -8 + 194. Suppose 2*p + p - l = 0. What is the remainder when 92 is divided by 1*1/2*p?
30
Let f(a) = 7*a**2 + 8*a + 33. What is the remainder when 357 is divided by f(-3)?
69
Let h(y) = -11*y + 5. Let c be h(-2). Suppose 24*p - c*p = -204. What is the remainder when p is divided by 24?
20
Suppose -4 + 8 = -4*w + m, 3*w - 20 = -5*m. Suppose w = -d - d + 232. Suppose 4*q + 16 = d. Calculate the remainder when q is divided by 14.
11
Let m = -124 - -226. What is the remainder when 710 is divided by m?
98
Let q be (-14)/6 + (-4 - (-91)/21). Calculate the remainder when q/3 - 408/(-18) is divided by 6.
4
Suppose -4*r - 93 = 2*a - 3*r, a + 34 = -3*r. Let x = a - -55. What is the remainder when x is divided by 2?
0
Let p(m) = m**3 + 15*m**2 - m - 10. Let q be 6/(-33) + 123/11. Let z = 18 - q. What is the remainder when z is divided by p(-15)?
2
Suppose -4*s - 10 + 14 = 0. Let r(u) = 17*u**3 - u**2 + 2*u - 1. What is the remainder when 32 is divided by r(s)?
15
Suppose 4 + 1 = -h + 2*a, 0 = 2*h + 2*a - 8. Let b be h*4*9/(-6). Let p(z) = -13*z - 5. Calculate the remainder when p(b) is divided by 19.
16
Suppose 3*c = -89 - 79. What is the remainder when 8/c + 716/14 is divided by 13?
12
Suppose 3*k = -2*u + 35 + 24, -5*u + 179 = -3*k. What is the remainder when u is divided by 5?
4
Suppose 4*v - 51 = -y, -3*v + 3*y + 23 = -19. Suppose -i - 308 = -5*i. Calculate the remainder when i is divided by v.
12
Let l be -2*18/12 + 5. Suppose 13 - 29 = -l*x. What is the remainder when 37 is divided by x?
5
Suppose 5*g - 59 = -24. Suppose -852 = -13*m + g*m. Calculate the remainder when m is divided by 18.
16
Let s(w) = -7*w**2 - 141*w - 15. What is the remainder when s(-19) is divided by 77?
60
Let w(y) = -y**3 + 16*y**2 + 25*y + 26. Calculate the remainder when w(17) is divided by 11.
8
Suppose -4*o + 23*a - 22*a + 190 = 0, -5*a = -5*o + 230. What is the remainder when 284 is divided by o?
44
Let r = -8 + 16. What is the remainder when 0 + -2*r/(-2) is divided by (1/(-2))/(1/(-12))?
2
Suppose 17*q + 16*q + 198 = 0. Let u be (8/(-6))/(2/30). Let c = q - u. What is the remainder when 39 is divided by c?
11
Suppose -4*l - 5*r + 336 = 0, -r = 4*l - 6*l + 168. Calculate the remainder when 246 is divided by l.
78
Suppose -3*x + 70 = -5. What is the remainder when 4/(2*5/120) is divided by x?
23
Suppose 29 = 2*b - 237. Let n = -77 + b. What is the remainder when n is divided by 10?
6
Suppose 10*j - 26*j + 752 = 0. Calculate the remainder when j is divided by 26.
21
Let f = -2498 - -2513. Let b = -34 + 63. What is the remainder when b is divided by f?
14
Suppose 0 = -c + 4*h + 3, 4*c + 0*h - 24 = 4*h. Suppose -x = o - c, -x + o - 3 + 12 = 0. Calculate the remainder when 101 is divided by (x/4)/(-2) - -35.
33
Let q be (-6)/(-9) + (-20)/3. What is the remainder when (28/(4/1))/1 is divided by (-4)/q*(-12)/(-4)?
1
Let i be (10 + 1/(-1))*-1. Let c be 95/(-5) + (0 + 5)*-1. Let o = i - c. What is the remainder when 57 is divided by o?
12
Suppose -6*r + 5*r - 4*s + 19 = 0, 5*r - 77 = -2*s. Suppose 0 = w - 54 + 12. Calculate the remainder when w is divided by r.
12
Suppose -4 = -f - 2. What is the remainder when 23 is divided by f/(-4*2/(-20))?
3
Suppose 4*k + 24 = 2*u + 210, 4*u = 2*k - 384. Let r = -58 - u. Let b = -13 - -23. Calculate the remainder when r is divided by b.
9
Suppose 2*y = 3*i - 89, 0*i + 3*i - 82 = -5*y. Let h = i + -18. What is the remainder when 43 is divided by h?
10
Let q(z) be the second derivative of -4*z**3/3 - 35*z**2/2 - 3*z. Calculate the remainder when q(-8) is divided by 18.
11
Suppose -2*u - 5 = -3*f + 2*u, 3*f + 4*u - 13 = 0. Calculate the remainder when 68 is divided by f.
2
Suppose w = -4*a + 121, 5*a - 106 - 484 = -5*w. Calculate the remainder when w is divided by (-4 - 108/(-26)) + (-620)/(-26).
21
Calculate the remainder when -12*(-25)/(-15)*-2 is divided by 22.
18
Suppose -12*t + 788 = 176. Calculate the remainder when 507 is divided by t.
48
Suppose 2*z - 55 = -5*x, -4*x = z - 44 - 0. Calculate the remainder when 30 is divided by (2 + (x - 2))/(1 - 0).
8
Suppose -2*z + 6 = -4*z. Let a be (-5)/(15/(-8))*z. What is the remainder when -2*(-18)/a*-10 is divided by 24?
21
Let n(q) = -q**2 - 10. Let x be n(0). Calculate the remainder when x*(2 - (-14)/(-4)) is divided by 6.
3
Suppose -12*s + 2*s + 140 = 0. Suppose -s*z - 118 = -16*z. Calculate the remainder when z is divided by 15.
14